 + -1 + (2 - 3)).
3
Evaluate (-16 - (-26 - -5)) + (-1 - 9).
-5
(-2 - -1) + (-2 - (-9 - -10))
-4
Evaluate -5 + (-2 - -7) - (-5 + 1).
4
What is (3 - 4) + (-2 - (0 + -2))?
-1
-4 + (1 - -9) - 10
-4
Evaluate (-5 - 1) + 4 + (-2 - 0).
-4
-4 - (1 - (4 + 0 + -2))
-3
0 + -1 + -7 + 4
-4
Evaluate (-5 - (-1 - 1)) + -2 + 4.
-1
What is the value of 0 + (-3 - -2) + (-2 - 1)?
-4
32 - 21 - (2 + 4)
5
What is (-5 - 2) + -2 + 14 + -6?
-1
What is the value of -3 + 1 + 11 + -4?
5
Calculate 9 + -9 + -1 + (-1 - -4).
2
-4 + 2 + (3 - 3) + 4
2
What is the value of (-6 - -18 - 5 - -5) + -4?
8
Calculate (0 - (0 + -7)) + (30 - 32).
5
Calculate (3 - (-3 - -4) - 2) + -2.
-2
What is the value of 8 + -20 + 7 - -6?
1
What is the value of -3 + (-7 - -11 - -2)?
3
Evaluate 0 + -5 + 8 + -2 + 0.
1
Evaluate -8 + (-8 - -3) + 23 - 5.
5
What is the value of (2 - -1) + -1 + -5?
-3
-177 + 178 + (4 - 1)
4
What is 2 + -7 + -1 + 0?
-6
7 + -8 + 0 + 0
-1
What is the value of 13 + 0 + (17 - (10 + 10))?
10
What is the value of 7 + 3 + -10 + 3?
3
What is the value of (3 - 4) + -4 + 6 + -3?
-2
2 + -2 + -8 + 9
1
Calculate -1 + -4 - ((8 - 2) + -8).
-3
7 + 4 - 13 - (2 + 0)
-4
What is the value of 11 + -3 + -10 + 5?
3
Calculate (4 - -7 - 5) + -3 + -10.
-7
Evaluate 1 - -1 - (14 + -8) - 0.
-4
5 + -9 + 1 + -12 + 17
2
Calculate -6 + -2 - (-13 + 10).
-5
What is (-3 - (0 - 4)) + -1 + -3?
-3
Evaluate 9 + -11 + -3 + -1.
-6
What is the value of 17 - (14 + -2) - 9?
-4
-7 + 1 + -6 + 8
-4
-2 + -3 + 6 + -4
-3
What is -1 + (7 - 8 - -5)?
3
Calculate (0 - -3 - 1) + -4 - -4.
2
Evaluate 3 + -1 + -2 + 1 - 3.
-2
Evaluate -3 + -2 + 8 + 0 + 1.
4
What is 0 + (-1 - -2) + -4 - -2?
-1
-7 - (-1 + (2 - (9 + -5)))
-4
What is the value of -4 + (-4 - -4) - 1?
-5
Calculate (-1 - -5) + (-8 - -4).
0
Evaluate (-3 - -2) + (2 - 3).
-2
(3 - -11) + (52 - 67)
-1
49 + -49 - (-1 + 3)
-2
(-9 - -9 - 9) + 8
-1
Calculate -5 + 1 - (12 - 16).
0
What is the value of 2 - (-2 + 8) - (-148 + 137)?
7
Evaluate -3 - (-4 + 2 - -1).
-2
Evaluate -6 + (0 - -4) - (0 - -1).
-3
Calculate 1 - (-3 - 0) - 4.
0
What is -71 - -60 - (-1 + -4)?
-6
-3 + -2 + (-1 - -3)
-3
What is 6 + (5 + -12 - (-6 - -3))?
2
What is -44 - -45 - ((0 - -2) + 0)?
-1
-6 + 2 - -11 - 2
5
What is 4 - (-4 - -5) - 3?
0
What is the value of 0 - (0 - 1) - -4?
5
Calculate 36 + -29 + -4 + 2.
5
Evaluate (5 - (0 + 0)) + (-2 - 1).
2
Calculate (7 - 10) + -4 + 6.
-1
Calculate -19 - -18 - (-2 + 1 + -1).
1
Calculate 0 + 0 + (12 - (6 - 0)).
6
What is the value of 5 - 1 - (9 - 5)?
0
What is (-3 + -1 - -3) + -4?
-5
Evaluate 30 + -31 - (-3 + (4 - 1)).
-1
What is 1 + -1 - (38 + -40)?
2
What is -7 - (6 + -1 + -9)?
-3
What is (6 + -6 - 5) + 11?
6
What is -13 + 19 + (1 - -2)?
9
Evaluate 3 + (-4 + 6 - -3 - 8).
0
-6 - -7 - (1 - 2 - -2)
0
What is (3 - 4) + 3 + -2 + -1?
-1
Evaluate (-22 - (0 - 10)) + 9.
-3
Evaluate 1 + 5 + (-9 - -1 - -7).
5
Calculate -2 + 1 - (83 - 81).
-3
Calculate 6 + 4 + -7 - (6 - 0).
-3
What is -6 - (-2 - -5 - 5)?
-4
What is -4 + 0 + (-1 - -1) + 1?
-3
(0 - -3 - 1) + (-41 - -39)
0
Calculate 25 - 26 - (-1 - 0).
0
Calculate (7 - 5) + -7 + 4.
-1
Calculate (-4 - (-5 + 4)) + 7.
4
Calculate 1 + 3 + -1 + -3.
0
What is -1 + -4 - (-6 + 2 + 6)?
-7
What is 7 + -7 + 2 + 5?
7
Calculate (10 + -11 - -8) + -2 + 4.
9
What is the value of 18 + -1 + -6 - 8?
3
What is 4 + -6 + -2 + 4 + -2?
-2
What is the value of -2 + 1 - (11 - 16)?
4
What is the value of -3 - ((-2 - 13) + 10)?
2
(-7 - 0) + 3 - 1
-5
What is the value of -1 + 3 + 0 - (-13 - -9)?
6
(-5 - (2 - 1)) + 38 + -41
-9
What is the value of (-10 - -9 - -9) + -13?
-5
-3 - -4 - (-2 - (-3 + 5))
5
What is 6 - (-3 - (-11 + 5))?
3
7 + -4 + -4 + -1
-2
Evaluate -3 - (6 - (6 - 1)).
-4
Evaluate 1 - (3 + (-4 - -1) - 4).
5
What is 0 + (-3 - 0) - (-5 + 1)?
1
(2 + (-3 - -6) - 1) + -2
2
(8 - 3 - (-3 + 9)) + 2
1
4 - (2 - 0 - -1) - -3
4
What is the value of -4 + (-3 - (3 + -8))?
-2
6 - (13 + -4 + 3)
-6
Evaluate -5 - ((-8 - -3) + 0 - -2).
-2
What is the value of -2 + ((-2 - -5) + -1 - 2)?
-2
What is the value of -3 + (6 - 5 - -2)?
0
Evaluate -3 + 7 + 1 + -10.
-5
What is the value of 1 + -5 - (20 - 24)?
0
Calculate (-2 - (-2 - 1)) + -5.
-4
Calculate (-3 - (-1 + -2 + 2)) + 3.
1
0 + 4 + 8 + 8 + -14
6
0 - (1 - (4 - (-2 + 4)))
1
What is -3 + (7 - -3) + 1 - 5?
3
What is the value of 0 + 3 - (-1 + (2 - 1))?
3
Calculate 18 - (-7 + 1 + -65 + 79).
10
What is the value of -4 - ((-2 - -5) + -2)?
-5
What is the value of (-2 - -7) + -19 + 20 + -2?
4
Evaluate 0 - (-3 + -3) - 3.
3
What is the value of 10 - -1 - (21 + -2)?
-8
What is -2 - -1 - (-4 - -1)?
2
1 - 13 - (148 - 166)
6
Calculate 14 - (4 - (0 - 1)).
9
-2 + -1 + 8 + 2
7
What is the value of 11 + -10 - (1 - 2)?
2
What is the value of -4 + 1 + 1 - -3?
1
Calculate 7 + (3 - 8 - (0 - 0)).
2
Evaluate (48 - 45) + (-1 - 0).
2
(-2 - -4) + -4 + 3 + 5
6
Calculate 4 - (2 + -1 + 1 + -1).
3
-8 + 4 + (-3 - (4 + -5))
-6
Calculate 1 + (-2 - -3) + 2 + -9.
-5
Evaluate -23 - -9 - (10 - 17).
-7
Calculate -6 + (1 - -1) + -1 + 0.
-5
What is the value of 2 + -3 - (5 - (7 - 3))?
-2
Evaluate 0 - (0 + 17 + -4 + -7).
-6
What is the value of 3 + -4 + -3 + -5 + 6?
-3
What is the value of (-1 - -6) + -9 + 8?
4
What is the value of -2 + -1 + 5 + 3 + 0?
5
What is the value of 6 - (-1 - -4 - (-2 - 3))?
-2
What is the value of 0 + 0 - (1 + 3 + 0)?
-4
Evaluate -3 - -6 - (2 - (0 + -2)).
-1
What is the value of (3 - -7 - (11 + -12)) + -4?
7
What is 2 + -1 + 6 + -6 - -6?
7
What is (-1 - -5) + -4 - -1?
1
Calculate (-3 + 0 - (22 + -21)) + 0.
-4
Evaluate -1 + 3 + (6 - (4 + -1)).
5
What is the value of 6 - (7 + (-5 + 7 - -3))?
-6
What is 0 - (-1 + 6) - 0?
-5
Evaluate 10 - 11 - (1 - 6).
4
Calculate 3 - ((3 - 1) + 0).
1
What is the value of -1 - (1 + (4 - 2) + 2)?
-6
3 + -1 + -2 - -2
2
(0 - 0) + 1 + -2 + 5
4
Calculate (6 - (3 + 7)) + 6.
2
15 + -6 + (13 - 17)
5
What is 8 + -4 - (4 + -5)?
5
-4 - (-1 - (2 - 0))
-1
2 + 13 + -10 - (0 - -10)
-5
-26 + 37 + (-2 - 2)
7
Calculate -2 - 8 - (4 - 10).
-4
Calculate 1 + -7 - (0 + 4 + -7).
-3
What is -10 + (0 + -7 - -8)?
-9
Evaluate (2 - (0 - -2)) + -2.
-2
Evaluate -2 + 7 + -4 + 5 + -5.
1
Calculate -15 + -3 + (13 - 1).
-6
1 - 2 - (-1 - -1) - -1
0
-5 - 1 - (-6 + 0)
0
What is the value of -21 + 5 + (3 - (2 - 6))?
-9
Evaluate 14 + -4 + -7 + -3 + 0.
0
-2 + 3 + (-9 - -8)
0
What is the value of 7 + -23 - (6 + -15)?
-7
What is 3 + (-1 - 4) + 7?
5
2 - 0 - (34 - 30)
-2
3 - (7 + (3 - 2))
-5
What is -2 - (0 - (2 - -2))?
2
Evaluate 1 + -3 + 0 + -3.
-5
2 + (0 - 2 - -2)
2
Calculate -8 + -5 + (-4 - -12).
-5
Evaluate 2 + 10 + -20 + 13.
5
-11 - (-5 + -3 + 1)
-4
8 + (0 - (3 + (3 - 3)))
5
Evaluate -4 + 11 + -6 + 4.
5
What is the value of -1 + (5 - 3) - 5?
-4
What is (1 - 11) + -4 + 9?
-5
Evaluate -4 + 3 + (4 - -3) + 0.
6
-1 + (-1 - -7) - (8 - -1)
-4
Calculate (0 - 19) + 4 + 8.
-7
(28 - 34) + (1 - -9)
4
(-5 - -10 - -2) + -1
6
Evaluate 2 - (-5 - -13 - (4 - 3)).
-5
What is the value of -2 + 8 + -5 - 4?
-3
Evaluate -1 + (-4 - 2 - (-2 + -4)).
-1
Calculate 13 - (-4 + (6 - -1)) - 5.
5
(10 - (13 + -14)) + -2 + -4
5
Evaluate 1 - ((-1 - -5) + -2).
-1
What is the value of (-2 - -1) + 3 - 0 - 3?
-1
3 - 6 - (-6 + 2)
1
Calculate (-31 - -16 - -11) + (10 - 1).
5
Calculate 3 - -1 - (-15 - -13) - 9.
-3
Calculate 2 - (-9 - -6) - 0.
5
What is the value of 2 - ((3 - -2) + -1 - 3)?
1
Calculate -2 + 0 + 1 - (37 + -36).
-2
4 + (8 - 6) + -4 + -1
1
Evaluate 0 - 1 - (12 - 15).
2
What is 7 - (5 + 3 - 8)?
7
Calculate (1 - -4) + 3 + -6.
2
What is 13 + (1 + 0 - (97 + -90))?
7
What is (4 - (8 + (3 - -1))) + 2?
-6
0 + 8 + (-25 - -22)
5
-10 + -5 + 2 + 7
-6
What is the value of -6 - (3 - (0 - -5))?
-4
Evaluate (3 - (1 - 3)) + 4.
9
What is the value of (-5 - -1 - -2) + -2 + 1?
-3
What is the value of 5 + -1 + (2 - 2) - 5?
-1
Calculate -6 - -10 - (4 - -2).
-2
Calculate -3 - (-1 + 1) - (-357 + 360).
-6
Calculate -11 + (-1 - -1 - 0) + 5.
-6
Evaluate -47 - -51 - (6 - 2).
0
Calculate (-18 - -18) + (6 - -2).
8
What is the value of (-13 - -2) + 4 + 8?
1
Calculate (-2 - (4 + -4 + 0)) + 5.
3
-39 - -47 - (-1 + 14)
-5
What is the value of 1 - (1 - 5) - 8?
-3
What is 4 - (-6 - (-4 - 0))?
6
Evaluate (8 - 2) + -76 + 67.
-3
What is the value of (-7 - -4) + (-1 - 0)?
-4
-7 + 3 - (-1 + 1)
-4
Evaluate 1 - -4 - 5 - (-1 - -3).
-2
What is the value of 0 - -3 - 3 - (-2 - 0)?
2
What is the value of -3 + 5 + 7 + -5 + -8?
-4